t is the hundred thousands digit of 20388398?
3
What is the hundred thousands digit of 60812082?
8
What is the thousands digit of 87386554?
6
What is the ten thousands digit of 82640401?
4
What is the hundreds digit of 1799872926?
9
What is the thousands digit of 559782710?
2
What is the tens digit of 813403799?
9
What is the hundred thousands digit of 73090382?
0
What is the hundreds digit of 343725426?
4
What is the thousands digit of 1522407871?
7
What is the hundreds digit of 131004260?
2
What is the ten thousands digit of 44863716?
6
What is the hundred thousands digit of 192219051?
2
What is the thousands digit of 104729648?
9
What is the hundred thousands digit of 1229588999?
5
What is the millions digit of 173064090?
3
What is the thousands digit of 263185001?
5
What is the hundred thousands digit of 90902420?
9
What is the tens digit of 1732956890?
9
What is the units digit of 48702607?
7
What is the hundred thousands digit of 239655339?
6
What is the ten thousands digit of 399424413?
2
What is the hundred thousands digit of 32587778?
5
What is the tens digit of 33445693?
9
What is the units digit of 202510?
0
What is the hundred thousands digit of 203313976?
3
What is the ten millions digit of 367003186?
6
What is the hundred millions digit of 1019703861?
0
What is the millions digit of 13016570?
3
What is the ten millions digit of 298001620?
9
What is the ten thousands digit of 1711247741?
4
What is the ten thousands digit of 38690560?
9
What is the thousands digit of 178300518?
0
What is the ten thousands digit of 87811763?
1
What is the ten millions digit of 2363717838?
6
What is the millions digit of 30942303?
0
What is the hundreds digit of 3227740335?
3
What is the tens digit of 36906950?
5
What is the units digit of 20493355?
5
What is the hundred millions digit of 114718426?
1
What is the ten thousands digit of 179163755?
6
What is the hundreds digit of 93023276?
2
What is the thousands digit of 537167072?
7
What is the ten millions digit of 775038741?
7
What is the hundreds digit of 103951259?
2
What is the ten millions digit of 383567491?
8
What is the ten millions digit of 485598943?
8
What is the units digit of 2592283306?
6
What is the hundreds digit of 8953388877?
8
What is the hundreds digit of 15830986?
9
What is the millions digit of 20741239?
0
What is the tens digit of 1534018889?
8
What is the hundreds digit of 344193636?
6
What is the hundred millions digit of 1467859987?
4
What is the hundred millions digit of 478233076?
4
What is the units digit of 7044847609?
9
What is the hundred thousands digit of 1545133412?
1
What is the thousands digit of 681549664?
9
What is the tens digit of 16798520?
2
What is the tens digit of 1705799840?
4
What is the hundreds digit of 2077178304?
3
What is the thousands digit of 1595023?
5
What is the hundred millions digit of 1267111390?
2
What is the thousands digit of 2180552992?
2
What is the millions digit of 156631949?
6
What is the ten millions digit of 408271493?
0
What is the units digit of 651790245?
5
What is the ten millions digit of 7582637865?
8
What is the millions digit of 9637062?
9
What is the units digit of 465675235?
5
What is the hundred thousands digit of 150270936?
2
What is the ten thousands digit of 222398802?
9
What is the ten millions digit of 1080611687?
8
What is the ten thousands digit of 234729846?
2
What is the thousands digit of 5999710538?
0
What is the hundred thousands digit of 784736332?
7
What is the hundreds digit of 1044710592?
5
What is the hundreds digit of 731214827?
8
What is the hundred thousands digit of 38238010?
2
What is the ten thousands digit of 1519817456?
1
What is the thousands digit of 44794286?
4
What is the units digit of 3528868?
8
What is the hundreds digit of 122884860?
8
What is the ten millions digit of 186117081?
8
What is the ten millions digit of 272054917?
7
What is the hundreds digit of 95482187?
1
What is the thousands digit of 187014799?
4
What is the hundred millions digit of 908321485?
9
What is the ten thousands digit of 187740490?
4
What is the hundreds digit of 471123352?
3
What is the units digit of 33603297?
7
What is the millions digit of 27355861?
7
What is the hundred millions digit of 2524796519?
5
What is the millions digit of 71281214?
1
What is the hundred thousands digit of 1316323315?
3
What is the hundreds digit of 23392239?
2
What is the millions digit of 80623111?
0
What is the thousands digit of 19947796?
7
What is the ten thousands digit of 45383155?
8
What is the ten thousands digit of 415145374?
4
What is the units digit of 475078125?
5
What is the thousands digit of 5770479434?
9
What is the thousands digit of 340954406?
4
What is the hundred thousands digit of 422319184?
3
What is the thousands digit of 155464490?
4
What is the hundreds digit of 73511622?
6
What is the ten thousands digit of 104310788?
1
What is the units digit of 1510600267?
7
What is the millions digit of 129968062?
9
What is the tens digit of 63608854?
5
What is the tens digit of 381918640?
4
What is the millions digit of 12769211?
2
What is the billions digit of 2724639103?
2
What is the tens digit of 203411353?
5
What is the hundred millions digit of 1978005706?
9
What is the units digit of 220470046?
6
What is the billions digit of 1845849655?
1
What is the tens digit of 122206578?
7
What is the ten thousands digit of 249367968?
6
What is the thousands digit of 78245004?
5
What is the hundreds digit of 1950723927?
9
What is the thousands digit of 33032489?
2
What is the thousands digit of 3287325990?
5
What is the hundred thousands digit of 276281253?
2
What is the hundred thousands digit of 136311216?
3
What is the ten thousands digit of 1889160544?
6
What is the ten thousands digit of 102360978?
6
What is the tens digit of 33382268?
6
What is the units digit of 4123678689?
9
What is the millions digit of 261877539?
1
What is the units digit of 993057484?
4
What is the millions digit of 428137713?
8
What is the hundreds digit of 34759624?
6
What is the tens digit of 582035485?
8
What is the hundred millions digit of 1665180266?
6
What is the ten thousands digit of 80367896?
6
What is the millions digit of 85448958?
5
What is the thousands digit of 147489721?
9
What is the ten thousands digit of 54500866?
0
What is the millions digit of 546922699?
6
What is the thousands digit of 119804819?
4
What is the tens digit of 25306671?
7
What is the ten thousands digit of 600304341?
0
What is the hundreds digit of 318851407?
4
What is the tens digit of 452149669?
6
What is the hundred millions digit of 1248069001?
2
What is the billions digit of 1256206426?
1
What is the units digit of 443450333?
3
What is the tens digit of 3679879895?
9
What is the millions digit of 38371807?
8
What is the ten millions digit of 72137765?
7
What is the ten thousands digit of 191976140?
7
What is the hundred millions digit of 155109227?
1
What is the ten thousands digit of 61443576?
4
What is the hundred thousands digit of 663740446?
7
What is the thousands digit of 1238750622?
0
What is the units digit of 32931830?
0
What is the millions digit of 28675841?
8
What is the ten millions digit of 77916422?
7
What is the ten thousands digit of 35643565?
4
What is the thousands digit of 34894841?
4
What is the hundred millions digit of 219470177?
2
What is the tens digit of 11324238?
3
What is the units digit of 2921851605?
5
What is the hundred thousands digit of 1959591?
9
What is the millions digit of 128804989?
8
What is the ten thousands digit of 332381061?
8
What is the hundred thousands digit of 112003305?
0
What is the millions digit of 278231328?
8
What is the ten millions digit of 273004130?
7
What is the hundreds digit of 255151903?
9
What is the tens digit of 31065935?
3
What is the hundreds digit of 140478350?
3
What is the units digit of 2004880212?
2
What is the tens digit of 3853644603?
0
What is the ten thousands digit of 546766769?
6
What is the ten thousands digit of 27921548?
2
What is the units digit of 165142715?
5
What is the ten millions digit of 4783288648?
8
What is the hundred thousands digit of 144549990?
5
What is the hundred thousands digit of 55467512?
4
What is the hundred millions digit of 4288449938?
2
What is 